 What are the prime factors of o?
2
Suppose 2*o - 5*f - 774 = -o, -2*f + 516 = 2*o. What are the prime factors of o?
2, 3, 43
Let b(z) = z**2 + 3*z + 3. Let u be b(-3). Let x = u - 2. Suppose x = -n + 8. List the prime factors of n.
7
Suppose -c - 12 + 100 = 0. List the prime factors of c.
2, 11
Let i(u) = -4 - 2*u + 3 - 5. Let h be i(-5). Suppose h*n = -0*n + 52. What are the prime factors of n?
13
Suppose -2*u - 3 = 1. Let j be u/(-3 + 1)*-7. Let f = j + 23. List the prime factors of f.
2
Let r(f) = f**2 - 6*f + 6. Let q(s) = -s + 7. Let j be q(0). List the prime factors of r(j).
13
Let t(y) = y - 3. Let r be t(5). Suppose -2*h + 13 = -z, r*h + 2*z - z - 19 = 0. What are the prime factors of h?
2
Suppose -3*j + 46 = -0*o + 4*o, 2*j = -4. Let x = o - 9. Let f = 3 + x. List the prime factors of f.
7
Suppose -19*f + 17*f = -698. What are the prime factors of f?
349
Let d be ((-3)/5)/((-4)/20). Suppose -16 - 5 = -d*z. List the prime factors of z.
7
Suppose -2*c = -c - 4*d - 21, -3*c - 2*d + 63 = 0. What are the prime factors of c?
3, 7
Let g(m) = m - 2. Let r be g(-5). Let n = r - -15. What are the prime factors of n?
2
Suppose 0 = 4*b - 1 - 19. Suppose 5*d - 3*d + b*u = 5, u - 23 = 4*d. List the prime factors of 10/(-25) + (-67)/d.
13
Suppose -2*d + 4*d - 4 = 0. Suppose -76 = -d*t + 2*w, 5*t - 2*t = w + 112. List the prime factors of t.
37
Suppose -2*o - 5*t - 14 = 0, 0*o - 5*t - 2 = -4*o. Let g be ((-11)/o - 1)*6. Let d = 42 - g. What are the prime factors of d?
3, 5
Let d be 0/3 - 0/3. Let h = 17 - d. Let i = h + 3. List the prime factors of i.
2, 5
Let a = 24 - 11. List the prime factors of a.
13
Suppose 87 + 21 = 3*r. List the prime factors of r.
2, 3
Suppose -j + 232 = j. List the prime factors of j.
2, 29
Let h be 2/(1*-2) + 49. Let d = h + -23. Suppose -d = -3*g - 6*x + x, 3*g - 26 = -4*x. What are the prime factors of g?
2, 5
Suppose -5*y - k - k + 228 = 0, -3*y - 2*k + 136 = 0. Suppose -4*w = 2*q + 31 - 133, w = -q + y. List the prime factors of q.
41
Let h(o) = 49*o - 8. List the prime factors of h(4).
2, 47
What are the prime factors of (-1200)/(-5)*9/12?
2, 3, 5
Suppose -10*u + 423 = -u. What are the prime factors of u?
47
Let y(a) = -a**2 + 5*a - 2. Let b be y(5). Let s(r) = -3*r - 2. Let z be s(b). Let x = z - 0. List the prime factors of x.
2
Let z = -31 - -17. Let r(m) = -m**2 - 16*m - 20. List the prime factors of r(z).
2
Suppose 4*y + 6 = -2*t - 4, -5*t - 18 = 3*y. List the prime factors of y + 8 - 1*3.
2
Let a(n) be the second derivative of -n**3/2 - n**2 + 3*n. Let x be a(-2). Suppose -2*p - 22 = -3*i, -x*p = -3*i + p + 37. What are the prime factors of i?
2
Let p(j) = -2 + 0 + j + j**2 - 2*j. What are the prime factors of p(3)?
2
Suppose 0 = -3*m + 4*a + 5, -2*a - a = 4*m - 40. Suppose -m*x = -4*x. Suppose -3*g - 3*u + 18 = -x*u, 0 = -g + 3*u + 10. List the prime factors of g.
7
Let m(k) = 3*k - 4. Let t be m(9). Let n = t + -20. List the prime factors of n.
3
Let i(j) = 148*j - 2. What are the prime factors of i(1)?
2, 73
Let l = -39 + 89. What are the prime factors of (-7)/(-21) - l/(-3)?
17
Let a(b) = -11*b + 2. Let t be a(2). Let d be (-68)/t + (-4)/10. Suppose w + 0 = 2*q - 23, 5*q + d*w = 52. What are the prime factors of q?
11
Suppose 0 = m + 3, r + 2*m - 2 = 1. Suppose -4*w + 3*w = -r. List the prime factors of w.
3
Let t = 8 - 6. Suppose 3*l = t*l + 21. Suppose 0 = -2*u + u + l. What are the prime factors of u?
3, 7
List the prime factors of 11 + (8/(-1))/2.
7
Suppose -2*p = -8*p - 18. What are the prime factors of p/(-4)*(7 - 3)?
3
Let h = -1 + 6. Suppose 0*f + 63 = 5*f + q, -5*f = h*q - 75. List the prime factors of f.
2, 3
Suppose -272 = -6*p + 2*p. Suppose 2*y - 2*k + 6*k + p = 0, -2*y - 88 = -k. Let z = 61 + y. List the prime factors of z.
19
Suppose 4*r - 290 = -2*v - 54, 174 = 3*r + 3*v. What are the prime factors of r?
2, 3, 5
Suppose 20 = -4*f + v, 0 = 2*f + f + 2*v + 4. Let s = 6 - f. List the prime factors of s.
2, 5
Suppose g = 5*g - 16. List the prime factors of 1/(4/400*g).
5
Suppose 3*s - 56 + 5 = 0. List the prime factors of s/4 - (-4)/(-16).
2
List the prime factors of 18*(156/8)/3.
3, 13
Let o = 17 - -21. What are the prime factors of o?
2, 19
Let h = 4 + -3. Let c be (-5)/(10/(-8)) + h. Suppose -c*v - 8 = -4*l, v = -3*l + 5*v + 6. List the prime factors of l.
2
Let i = -23 + 5. Let k = i - -21. List the prime factors of k.
3
Let p = 177 + 194. What are the prime factors of p?
7, 53
Let t(u) = u**2 - 7*u - 14. List the prime factors of t(10).
2
Let h = 10 + -5. Suppose -h*o = -2*o - 72. List the prime factors of o.
2, 3
Let u = -4 + 11. Let c be 18/(-63) + 16/u. List the prime factors of (-9)/((-2)/8*c).
2, 3
Suppose p + 4*w = 8*w + 6, 4*w = 5*p + 18. Let r(t) = t**3 + 6*t**2 - 3*t - 1. What are the prime factors of r(p)?
17
Suppose 5 + 75 = -4*t + y, -3*t - 4*y - 79 = 0. List the prime factors of t/49 + 136/7.
19
Let c(q) = q**3 + 13*q**2 + 6*q + 21. List the prime factors of c(-9).
3, 97
Let b(a) = -6*a + 5. List the prime factors of b(-5).
5, 7
Let x(r) = -4*r + 3. Suppose -3*h + 3 = n - 2*n, 5*n = -2*h - 15. List the prime factors of x(n).
3, 5
Suppose -k - 12 = -3*k. Let w = k - -2. Suppose -w = -4*n + 20. What are the prime factors of n?
7
Let t(c) = 5*c**2 - 11*c - 7. Let x be t(8). Suppose -3*s + x - 63 = 0. What are the prime factors of s?
2, 3
Let d(x) = 0 - 2*x**2 + 8*x**2 - 4*x - x**3 + 4. List the prime factors of d(5).
3
Suppose 12 = -0*u + 4*u. Suppose u*h = -2 + 50. List the prime factors of h.
2
Let f be (-13)/(-3)*(2 + 1). List the prime factors of (2 + -3)*f/(-1).
13
Let i be (-1)/(6/28)*15. Let h be (-2)/2 - (i - -2). What are the prime factors of h/5 - 8/20?
13
Suppose j - 2*j - 10 = 5*c, 4*j - c = -40. Let f = -6 - j. Suppose 3*a - 9 = -2*r, 1 = 2*a - f*r - 21. What are the prime factors of a?
5
Let u(x) = x**3 - 14*x**2 - 11*x - 16. List the prime factors of u(15).
2, 11
Let a(o) = -o + 6. Let d be a(-5). Suppose -4*x + d = -61. Suppose 4 = -3*g + 5*q - 2, -5*q = g - x. List the prime factors of g.
3
Let i(v) = 3*v**2 + 3. Let s = -11 - -14. What are the prime factors of i(s)?
2, 3, 5
Let v(d) = 54*d - 65. List the prime factors of v(5).
5, 41
List the prime factors of 35 - (6 - 2 - 3).
2, 17
Let b = 56 - 5. What are the prime factors of b?
3, 17
Let v = -253 - -460. What are the prime factors of v?
3, 23
Let k = 5 - 2. Suppose -30 = -5*g + 5*s, k*s - 24 = -5*g + 22. What are the prime factors of g?
2
Suppose 2*b = y + b - 103, 0 = -3*y - 2*b + 284. Suppose -4*q + y - 2 = 0. Let w = 37 - q. What are the prime factors of w?
13
Let s(l) = 6*l**2 + 3*l + 2. What are the prime factors of s(-1)?
5
Let i = -77 + 110. What are the prime factors of i?
3, 11
Let g = -29 - -50. List the prime factors of g.
3, 7
List the prime factors of 70/(-6)*-3 - 3.
2
What are the prime factors of (-6)/(-45) + 2113/15?
3, 47
Let q(a) = a**3 - 4*a**2 - 5*a - 5. Let j be q(5). Let k(g) = 3*g - 2*g + 0*g + 12. List the prime factors of k(j).
7
Suppose 0 = 5*l - l. Let w(b) be the second derivative of -b**3/6 + 6*b**2 - 2*b. What are the prime factors of w(l)?
2, 3
Suppose 2*u + 2*u = 260. List the prime factors of u.
5, 13
Let g(m) be the third derivative of -m**6/120 - m**5/60 - m**4/24 + m**3/3 + 2*m**2. What are the prime factors of g(0)?
2
Let n(u) = 9*u - 4. List the prime factors of n(2).
2, 7
Suppose 29 = -5*r - 6. List the prime factors of 3/5*(-315)/r.
3
Suppose 4*c + 3*c = 126. List the prime factors of c.
2, 3
Let b(y) = y**2 + y - 3. Let v be b(-3). Suppose 3*j - 165 = -v*h, -4*h + 287 = -3*j + 60. List the prime factors of h.
2, 7
Let g = 237 + -169. What are the prime factors of g?
2, 17
Suppose 4 = -2*o - 2. Let z(g) = -g**3 - 3*g**2 - 2*g + 1. What are the prime factors of z(o)?
7
Suppose -4*z - 2*l + 16 = -2, 4*l - 20 = 0. Suppose -54 = -z*q - q. List the prime factors of q.
2, 3
Let n(r) = -8*r - 3. Let h be n(-2). Suppose -3*x - 9 = -y - 2*y, -y = 4*x - h. List the prime factors of x.
2
Let j(z) = -z**3 + 7*z**2 + 7*z + 3. Let y be 2/4 - (-60)/8. Let r be j(y). What are the prime factors of (8/(-10))/(2/r)?
2
Suppose 4*k + 12 = 3*k - 4*q, -20 = -k + 4*q. What are the prime factors of k?
2
Let r(p) be the third derivative of -p**5/60 - 3*p**4/8 - p**3/2 - 17*p**2. Suppose -5*y +